31 + 57. Calculate the highest common factor of 13 and x.
13
Let l be -2*1 + (6 - 8). Let u be (33/4)/((-1)/l). Let q = 55 - 33. What is the highest common divisor of q and u?
11
Suppose -3*n + 55 = 5*q, -6*n + 5*q + 15 = -2*n. What is the highest common divisor of 30 and n?
10
Let z be 18/(-4)*2*-1. Suppose l + 0*l + 8 = 0. Let a(s) = -9*s. Let c be a(l). What is the greatest common factor of z and c?
9
Let p(i) = -i + 4. Let a be p(-6). Let f be 5/4 - 6/24. Let z be (1 - 3) + 5 - f. What is the highest common divisor of z and a?
2
Let l(d) = 2*d + 32. Let z be l(-11). Calculate the greatest common divisor of 40 and z.
10
Suppose -28 = 5*s + 17. Let f = 18 + s. What is the greatest common factor of 18 and f?
9
Let a(v) = v**2 - 7*v - 12. Let y be a(-9). Calculate the greatest common divisor of y and 12.
12
Let t(m) = -m**3 + 6*m**2 + 8. Suppose 3*z - 8*z = -30. Let s be t(z). Calculate the greatest common factor of s and 56.
8
Suppose 4*o = -4*c + 884, 0 = -4*c + o + 2*o + 912. Calculate the greatest common divisor of c and 45.
45
Suppose 4*v + 24 = 72. Let r(p) be the third derivative of p**5/20 + p**4/12 - p**3/2 + p**2. Let x be r(3). What is the highest common divisor of x and v?
6
Let t(h) = h**3 + 8*h**2 + 9*h + 5. Let c be t(-7). Let p be c/6*4/(-6). What is the greatest common factor of 3 and p?
1
Let b be ((-378)/35)/((-6)/140). Calculate the greatest common divisor of b and 28.
28
Let d be (-8)/(-40) - (-34)/5. Let i = -24 + 35. Let x = i + d. What is the highest common divisor of x and 90?
18
Suppose 0 = 5*s + 2*n - 0*n - 1245, -s + 236 = 3*n. Let b = s - 161. Calculate the highest common factor of 10 and b.
10
Suppose 0 = 5*w + 1 - 6. Suppose 0*n - w = -n. What is the greatest common factor of 1 and n?
1
Let h be (-8)/8 - (-19)/1. Calculate the highest common divisor of 12 and h.
6
Suppose -4*b - 5*o + 261 = 0, -5*b = -2*b - 2*o - 190. Let w = b + -37. Calculate the greatest common factor of 270 and w.
27
Let x(v) = v**3 - 2*v**2 + 1. Let p be x(1). Suppose p*m - m = -14. What is the highest common factor of 21 and m?
7
Let w(s) = 85*s**2. Suppose -4*t = 2*n - 10, -4*n + 1 = t - 5. Let k be w(n). Calculate the highest common factor of k and 34.
17
Let x = -6 - -6. Suppose 5*t = -m + 10, 0 = -m - x*m - 3*t + 8. What is the greatest common factor of 20 and m?
5
Let g = -93 - -210. Suppose 2*w + 4 = 30. Calculate the highest common divisor of g and w.
13
Let k be ((-22)/(-8))/(1/56). Calculate the greatest common divisor of 22 and k.
22
Suppose -4*y + 76 = -2*y. What is the highest common divisor of 19 and y?
19
Suppose -53*d - 16 = -55*d. Calculate the highest common factor of 36 and d.
4
Let t be (-256)/(-18) + 4/(-18). Suppose 0 = -2*h - 2, 2*p + 4*h - 8 = -4. Let f be (-3)/(-12)*14*p. Calculate the highest common divisor of t and f.
14
Suppose -4*q + 28 = 4*r, -q + 10 = 5*r - 1. Calculate the greatest common factor of q and 60.
6
Let v(i) = -i**2 + i + 8. Let m be v(0). Suppose 0 = l + l - m. Calculate the highest common factor of l and 1.
1
Let l = -20 - -10. Let c be (-34)/l + (-6)/15. Suppose 0 = -c*a + 9 + 57. What is the highest common factor of a and 33?
11
Suppose -4*a + 5*l + 29 = 0, 0 = -3*a + 4*l - 0 + 22. Let m = a + -2. Let n be (-10)/(-8) + 6/8. Calculate the greatest common divisor of m and n.
2
Suppose 2 = 5*t - 8. Suppose 0*c - 24 = -2*n - t*c, -4*n + 36 = -2*c. Let a = 64 - 44. What is the greatest common divisor of n and a?
10
Let p be (-3)/(-3) - (-12)/3. Suppose -5*t + 10*z - p*z + 190 = 0, 3*z = -9. Let x(n) = -n + 4. Let u be x(-3). Calculate the highest common divisor of t and u.
7
Let g(c) = 2*c**2 + 8*c. Let d be g(-8). Let w be (-165)/(-20) - (-1)/(-4). Calculate the highest common divisor of d and w.
8
Suppose 3*l - 465 = -5*r + 256, 0 = -r + 5*l + 133. What is the highest common divisor of 13 and r?
13
Let f(j) = -j**2 - 11*j + 13. Let s be f(-12). Let r be ((-2)/(-1) - s) + 3. Suppose -2*i + 6 = -r. Calculate the highest common factor of 1 and i.
1
Let g = 115 + -10. Calculate the greatest common factor of 15 and g.
15
Let a be 994/18 + 2/(-9). Let y = 22 - 15. Let o = y - -15. What is the greatest common factor of a and o?
11
Suppose -83 = -3*q + 3*z + 4, -2*z = -4*q + 112. Let w be (10/3)/(18/q). Calculate the highest common factor of 45 and w.
5
Let z = -5 - -30. What is the greatest common divisor of z and 100?
25
Let a(f) = 77*f. Let v be a(2). Let j = 42 - 28. What is the highest common factor of j and v?
14
Let d be (-48 - -1 - 1)/((-24)/32). Let m be 2/(-3) - (-56)/12. Suppose -3*w + m*o - 8 = -20, -26 = -4*w + 2*o. Calculate the highest common factor of d and w.
8
Let l be (75*1 - 2) + -1. What is the highest common divisor of l and 18?
18
Let c = -56 - -78. Suppose -f + 3*f + 5*s - 95 = 0, 2*f = -2*s + 104. What is the highest common divisor of f and c?
11
Let c(z) = -8 + 3*z**2 + 5*z + 6*z - z**2. Let a be c(-8). Suppose g = 2*q - 2*g - a, -q + 5*g = -23. Calculate the highest common divisor of q and 143.
13
Suppose q + 3*o = o - 40, -2*q - 77 = 3*o. Let a = -20 - q. Suppose -z + 4*z - 42 = 0. Calculate the greatest common factor of z and a.
14
Suppose 3*o = -0*o - 27. Let t(m) = 6*m - 6. Let u(p) = -3*p + 3. Let d(k) = 2*t(k) + 5*u(k). Let n be d(o). Calculate the greatest common divisor of 6 and n.
6
Let s = 12 + -5. Suppose 0 = 5*m - 4*b - 157, -3*b - 34 + s = -m. Let x be (-28)/(-8) + 2/(-4). What is the greatest common divisor of x and m?
3
Let k(l) = l**3 + 13*l**2 - l + 12. Let n be k(-13). What is the greatest common divisor of 10 and n?
5
Let v(p) = 8*p**3 - p**2. Let t be v(1). Suppose 5*w + 3*d - 230 = -2*d, -5*w + 239 = 2*d. Calculate the highest common divisor of w and t.
7
Let c(f) = f**3 + 12*f**2 - 15*f - 13. Suppose -3*n = r + 22, 2*n = -n - 9. Let q be c(r). What is the greatest common divisor of 52 and q?
13
Let w(s) = 2*s - 6. Let c be w(7). Suppose -150 + 502 = 4*j. Calculate the highest common factor of c and j.
8
Let c(g) = 2*g**3 - 9*g**2 - 6*g - 6. Let m be c(8). Suppose -m - 11 = -5*j. Calculate the highest common divisor of j and 9.
9
Let y be 238/10 - 1/(-5). Calculate the highest common factor of y and 8.
8
Let o = -7 + 9. Let p = 29 - 19. What is the greatest common factor of p and o?
2
Let r = -3 + -9. Let h = -7 - r. Suppose -5*v + 150 = h*w, -w + v + 22 + 0 = 0. Calculate the highest common factor of 13 and w.
13
Suppose -55 - 17 = -4*o. Let k be 3/(-5) + (-330)/(-50). What is the highest common factor of o and k?
6
Suppose -23 = -2*r - 5*g, r - 2*g + 2 = -0*r. Calculate the highest common divisor of 8 and r.
4
Suppose -2*o + 10 = -o + t, 2*o = -t + 17. Let g(x) = x + 5. Let u be g(o). Let w = -142 + 238. Calculate the highest common factor of w and u.
12
Let p = -5 - -1. Let h = p - -7. Suppose 2*t - h*t + 44 = 0. Calculate the greatest common factor of t and 110.
22
Let v(z) = z**2 + 15*z + 34. Let m be v(-14). Calculate the greatest common factor of m and 5.
5
Let f = -56 - -136. Calculate the highest common divisor of f and 16.
16
Let o be (-16)/12*(-22 + -2). What is the highest common divisor of o and 4?
4
Suppose 0 = 3*h + h - 32. Suppose 4*n = h*n. Suppose -w + n*w = 4, 2*g + 5*w - 2 = 0. Calculate the greatest common divisor of g and 1.
1
Let h = 18 + -1. Let n = h - 6. What is the highest common factor of n and 11?
11
Let z be 8/(-3) + (-18)/(-27). Let r be 148/24 - z/(-12). Calculate the highest common divisor of r and 2.
2
Let m be (25 - 1) + 21/7. What is the highest common divisor of m and 3?
3
Let g = 81 - 77. Calculate the highest common factor of 36 and g.
4
Suppose -5*u + 136 = 4*c + 31, 4*c = -u + 5. Suppose 0 = -4*r + u + 3. Calculate the greatest common divisor of 1 and r.
1
Suppose -l = d - 42, 0 = -3*d - 2 - 7. Calculate the greatest common factor of 30 and l.
15
Suppose -66 = -4*l + 2*l. Let a(d) = -5*d**2 + 40*d + 3. Let w be a(8). Calculate the greatest common factor of l and w.
3
Suppose i = 3*g - 493, -2*i + 489 = 3*g - 5*i. Let q(j) = -3*j + 10. Let n be q(-7). Let d = n - 16. Calculate the highest common divisor of g and d.
15
Let o = 75 + -72. Calculate the highest common divisor of 21 and o.
3
Suppose -3*t + 0*t = -18. Let f = 8 - t. Calculate the highest common factor of 2 and f.
2
Let i be 36/(-24) + -1*26/(-4). What is